{"id":777,"date":"2013-09-07T23:45:18","date_gmt":"2013-09-08T02:45:18","guid":{"rendered":"http:\/\/maquinasdetejer.wordpress.com\/?page_id=777"},"modified":"2020-11-24T12:52:15","modified_gmt":"2020-11-24T15:52:15","slug":"inicio","status":"publish","type":"page","link":"https:\/\/www.servotecnica.com.ar\/?page_id=777","title":{"rendered":"Nosotros"},"content":{"rendered":"<div id=\"metaslider-id-27113\" style=\"width: 100%; margin: 0 auto;\" class=\"ml-slider-3-107-0 metaslider metaslider-responsive metaslider-27113 ml-slider ms-theme-default\" role=\"region\" aria-label=\"Nuevo pase\" data-height=\"500\" data-width=\"900\">\n    <div id=\"metaslider_container_27113\">\n        <ul id='metaslider_27113' class='rslides'>\n            <li aria-roledescription='slide' aria-labelledby='slide-0'><a href=\"https:\/\/www.servotecnica.com.ar\/?page_id=542\" target=\"_self\"><img data-recalc-dims=\"1\" loading=\"lazy\" decoding=\"async\" src=\"https:\/\/i0.wp.com\/www.servotecnica.com.ar\/wp-content\/uploads\/2013\/09\/Corghi-borrador.jpg?resize=900%2C500&#038;ssl=1\" height=\"500\" width=\"900\" alt=\"\" class=\"slider-27113 slide-2364 msDefaultImage\" \/><div class=\"caption-wrap\"><div class=\"caption\">ENCONADORAS CORGHI<\/div><\/div><\/a><\/li>\n            <li style='display: none;' aria-roledescription='slide' aria-labelledby='slide-1'><a href=\"https:\/\/www.servotecnica.com.ar\/?page_id=711\" target=\"_self\"><img data-recalc-dims=\"1\" loading=\"lazy\" decoding=\"async\" src=\"https:\/\/i0.wp.com\/www.servotecnica.com.ar\/wp-content\/uploads\/2013\/09\/EMS-hilo-en-llamas.jpg?resize=900%2C500&#038;ssl=1\" height=\"500\" width=\"900\" alt=\"\" class=\"slider-27113 slide-2365 msDefaultImage\" \/><div class=\"caption-wrap\"><div class=\"caption\">HILADOS GRILON EMS<\/div><\/div><\/a><\/li>\n            <li style='display: none;' aria-roledescription='slide' aria-labelledby='slide-2'><a href=\"https:\/\/www.servotecnica.com.ar\/?page_id=98\" target=\"_self\"><img data-recalc-dims=\"1\" loading=\"lazy\" decoding=\"async\" src=\"https:\/\/i0.wp.com\/www.servotecnica.com.ar\/wp-content\/uploads\/2013\/09\/Sitex-en-cartel.jpg?resize=900%2C500&#038;ssl=1\" height=\"500\" width=\"900\" alt=\"Sistemas textiles Sitex\" class=\"slider-27113 slide-2369 msDefaultImage\" \/><div class=\"caption-wrap\"><div class=\"caption\">SISTEMAS SITEX<\/div><\/div><\/a><\/li>\n            <li style='display: none;' aria-roledescription='slide' aria-labelledby='slide-3'><a href=\"https:\/\/www.servotecnica.com.ar\/?page_id=48\" target=\"_self\"><img data-recalc-dims=\"1\" loading=\"lazy\" decoding=\"async\" src=\"https:\/\/i0.wp.com\/www.servotecnica.com.ar\/wp-content\/uploads\/2013\/09\/KH100-edifiio-600x333.jpg?resize=900%2C500&#038;ssl=1\" height=\"500\" width=\"900\" alt=\"\" class=\"slider-27113 slide-2483 msDefaultImage\" \/><div class=\"caption-wrap\"><div class=\"caption\">RECTIL\u00cdNEAS KAUO HENG<\/div><\/div><\/a><\/li>\n            <li style='display: none;' aria-roledescription='slide' aria-labelledby='slide-4'><a href=\"https:\/\/www.servotecnica.com.ar\/?page_id=721\" target=\"_self\"><img data-recalc-dims=\"1\" loading=\"lazy\" decoding=\"async\" src=\"https:\/\/i0.wp.com\/www.servotecnica.com.ar\/wp-content\/uploads\/2013\/09\/Kuanchng-diario.jpg?resize=900%2C500&#038;ssl=1\" height=\"500\" width=\"900\" alt=\"\" class=\"slider-27113 slide-2367 msDefaultImage\" \/><div class=\"caption-wrap\"><div class=\"caption\">CIRCULARES KUAN CHUNG<\/div><\/div><\/a><\/li>\n            <li style='display: none;' aria-roledescription='slide' aria-labelledby='slide-5'><a href=\"https:\/\/www.servotecnica.com.ar\/?page_id=27059\" target=\"_self\"><img data-recalc-dims=\"1\" loading=\"lazy\" decoding=\"async\" src=\"https:\/\/i0.wp.com\/www.servotecnica.com.ar\/wp-content\/uploads\/2016\/05\/azienda-1.jpg?resize=900%2C500&#038;ssl=1\" height=\"500\" width=\"900\" alt=\"\" class=\"slider-27113 slide-27257 msDefaultImage\" \/><div class=\"caption-wrap\"><div class=\"caption\">REMALLADORAS EXACTA<\/div><\/div><\/a><\/li>\n        <\/ul>\n        \n    <\/div>\n<\/div>\n<h2 style=\"text-align: center;\"><span style=\"text-decoration: underline;\"><span style=\"color: #ff6600; text-decoration: underline;\">P<span style=\"color: #808080; text-decoration: underline;\">ROFESIONALISMO<\/span><span style=\"color: #808080; text-decoration: underline;\">,<\/span> S<span style=\"color: #808080; text-decoration: underline;\">EGURIDAD&nbsp;Y<\/span> <span style=\"color: #808080; text-decoration: underline;\"><span style=\"color: #ff6600; text-decoration: underline;\">E<\/span>QUILIBRIO<\/span><\/span><\/span><\/h2>\n<p style=\"text-align: justify;\"><strong>Servotecnica es el resultado natural de 25 a\u00f1os de constante trabajo en el sector de las m\u00e1quinas para tejido de punto. <\/strong><br \/>\n<strong>Comenzamos desde la base: respondiendo con autoridad y profundo conocimiento al servicio t\u00e9cnico post venta. <\/strong><br \/>\n<strong>Luego el know how se incluy\u00f3 en servicio pre venta; asesorando fielmente al cliente en la compra y el mantenimiento de sus m\u00e1quinas y sistemas. <\/strong><br \/>\n<strong>Por \u00faltimo toda la experiencia t\u00e9cnica se sum\u00f3 a la comercial dando por resultado una empresa donde encontrar\u00e1 las opciones mas honestas y competitivas del mercado.<\/strong><br \/>\n<strong>Actualmente desarrollamos nuestra actividad comercial y t\u00e9cnica en todos los paises del cono sur. En forma directa o a trav\u00e9s de nuestros socios locales; aportando soluciones y adquiriendo nuevas experiencias para enriquecer nuestro funcionamiento.<\/strong><\/p>\n","protected":false},"excerpt":{"rendered":"<p>PROFESIONALISMO, SEGURIDAD&nbsp;Y EQUILIBRIO Servotecnica es el resultado natural de 25 a\u00f1os de constante trabajo en el sector de las m\u00e1quinas para tejido de punto. Comenzamos desde la base: respondiendo con autoridad y profundo conocimiento al servicio t\u00e9cnico post venta. Luego el know how se incluy\u00f3 en servicio pre venta; asesorando fielmente al cliente en la [&hellip;]<\/p>\n","protected":false},"author":2,"featured_media":0,"parent":0,"menu_order":0,"comment_status":"closed","ping_status":"closed","template":"","meta":{"advanced_seo_description":"","jetpack_seo_html_title":"","jetpack_seo_noindex":false,"jetpack_post_was_ever_published":false,"footnotes":""},"class_list":["post-777","page","type-page","status-publish","hentry"],"jetpack_shortlink":"https:\/\/wp.me\/P40ZhR-cx","jetpack_sharing_enabled":true,"_links":{"self":[{"href":"https:\/\/www.servotecnica.com.ar\/index.php?rest_route=\/wp\/v2\/pages\/777","targetHints":{"allow":["GET"]}}],"collection":[{"href":"https:\/\/www.servotecnica.com.ar\/index.php?rest_route=\/wp\/v2\/pages"}],"about":[{"href":"https:\/\/www.servotecnica.com.ar\/index.php?rest_route=\/wp\/v2\/types\/page"}],"author":[{"embeddable":true,"href":"https:\/\/www.servotecnica.com.ar\/index.php?rest_route=\/wp\/v2\/users\/2"}],"replies":[{"embeddable":true,"href":"https:\/\/www.servotecnica.com.ar\/index.php?rest_route=%2Fwp%2Fv2%2Fcomments&post=777"}],"version-history":[{"count":14,"href":"https:\/\/www.servotecnica.com.ar\/index.php?rest_route=\/wp\/v2\/pages\/777\/revisions"}],"predecessor-version":[{"id":28340,"href":"https:\/\/www.servotecnica.com.ar\/index.php?rest_route=\/wp\/v2\/pages\/777\/revisions\/28340"}],"wp:attachment":[{"href":"https:\/\/www.servotecnica.com.ar\/index.php?rest_route=%2Fwp%2Fv2%2Fmedia&parent=777"}],"curies":[{"name":"wp","href":"https:\/\/api.w.org\/{rel}","templated":true}]}}